t is the remainder when 4/14 + 4*(-262)/(-56) is divided by n?
4
Let k = -38 + 131. Let l(d) = -d**2 + d. Let i be l(1). Suppose -k = -p - 5*h, 2*p - 179 = -i*p - 3*h. What is the remainder when p is divided by 18?
16
Suppose 20*c + 25 = 25*c. Suppose 0 = -y - y + 2, 0 = -c*q + 3*y + 162. What is the remainder when q is divided by 20?
13
Let s(o) = -4*o**2 - 1. Let d(q) = 31*q**2 - 16*q + 43. Let k(b) = d(b) + 5*s(b). Calculate the remainder when k(6) is divided by 19.
15
Suppose -140*m - 44 = -145*m + 2*p, m = 2*p + 12. What is the remainder when 4246 is divided by m?
6
Let h(b) be the first derivative of 9*b**2/2 - 30*b + 53. What is the remainder when h(5) is divided by 10?
5
Suppose k - 102 = -2*a - 101, k - 4*a = 13. Calculate the remainder when 164 is divided by k.
4
Let n = 20047 - 19984. Let q(p) = p + 25. What is the remainder when n is divided by q(0)?
13
Suppose -31 + 9 = -2*s. Suppose 7*c - 24 - s = 0. Suppose -v = -c*a + 46, -a = 4*a + 3*v - 62. Calculate the remainder when 16 is divided by a.
6
Let x(f) = -12*f + 4. Let a(h) = -h**3 - 6*h**2 - 2. Let g be a(-6). Let c be x(g). Calculate the remainder when 11 is divided by c/(-6)*(4 - (-55)/(-10)).
4
Suppose -18*u = 65 - 5087. Let c = 388 + -383. Calculate the remainder when u is divided by c.
4
Suppose -4*j = -5*k + 12303, 0*k = -4*k + 5*j + 9846. Suppose -191 = 6*n - k. Suppose -5*i = -26*i + n. What is the remainder when 33 is divided by i?
15
Let p(r) = r**3 + 7*r**2 + 9*r. Let t(o) = -o**3 + 6*o**2 + 3*o + 24. Let v be t(7). Calculate the remainder when 71 is divided by p(v).
11
Suppose -221 = -4*c + g, 604*c - 600*c - 242 = -2*g. Calculate the remainder when 1192 is divided by c.
52
What is the remainder when (-32 - -27)/(5/(-1471)) is divided by 32?
31
Let j(d) = 2*d**2 + 10*d - 49. Let w(u) = u**2 + 6*u - 24. Let r(x) = -6*j(x) + 11*w(x). What is the remainder when 139 is divided by r(8)?
13
Suppose 3*z - 65 = 8*d - 13*d, -5*z + 65 = 5*d. Calculate the remainder when 13 is divided by d.
0
Suppose -3*m + p - 113 = m, 133 = -5*m + 4*p. Let j = 42 + m. Suppose 3*c = -z - 2, 0*z + 3*c = 2*z - 14. Calculate the remainder when j is divided by z.
1
Suppose 0 = 2*z - 1854 + 366. Let v = z - 657. What is the remainder when v is divided by 30?
27
Let h = 1007 + -995. What is the remainder when 4/14 + -2 + (-1181)/(-7) is divided by h?
11
Suppose n + 23 + 1 = 0. Let z be 1/2 + (-4)/(n/(-105)). Let i = 1 - z. Calculate the remainder when 106 is divided by i.
16
Suppose -2*j - f + 30 = 0, 0 = 2*j - 0*f + 5*f - 30. Let l = 119 + -61. Calculate the remainder when l is divided by j.
13
Suppose -1818*s + 1782*s + 1268 + 2260 = 0. What is the remainder when 4698 is divided by s?
92
Let a(b) = b**3 - 15*b**2 + 45*b - 21. Calculate the remainder when a(19) is divided by 40.
38
Let l = 4 + 6. Let p = 75 + 2. Suppose -12*m + m = -p. Calculate the remainder when l is divided by m.
3
Let g(u) = -u**3 + 33*u**2 + 6*u - 150. Calculate the remainder when g(31) is divided by 49.
47
Let o = 100 + 40. Suppose 6*i + i = o. Calculate the remainder when 39 is divided by i.
19
Suppose -2*v = 146 - 198. Let n be (-136)/(-6) + (-6)/9. Suppose 3*u - n = v. What is the remainder when u is divided by 11?
5
Suppose -2*x + 4*p - 3*p + 11 = 0, 5*x = 3*p + 29. Calculate the remainder when x/((-64)/(-4)) - 1526/(-8) is divided by 16.
15
Let y(c) be the first derivative of 34*c**3/3 + 2*c**2 - 2*c + 149. Calculate the remainder when y(2) is divided by 36.
34
Let c(x) = -10*x + 74. Let t be c(4). Calculate the remainder when 51/t + (-98)/(-4) is divided by 6 - (4 + (-2)/1).
2
Let v(h) = -8*h - 36. Let k be v(-5). Suppose k*y + 22 = 130. Calculate the remainder when 91 is divided by y.
10
Let x = 727 + -741. Let f(o) = o**3 + 16*o**2 + 22*o - 32. Calculate the remainder when 102 is divided by f(x).
50
Suppose 152*u - 150*u = 8*d + 422, 0 = -u - 4*d + 275. Calculate the remainder when u is divided by 133.
110
Suppose b + 0*b - 129 = -4*m, 2*m - 5*b = 37. Let c = m - 28. Suppose 6 = c*h - 3. What is the remainder when h is divided by 1?
0
Suppose -r = -2*b - 120, 2*r - 2*b + 0*b - 248 = 0. Suppose 430 = 11*x - 9*x. Suppose 9*d - 14*d = -x. Calculate the remainder when r is divided by d.
42
Suppose 119*p + 2778 = 121*p + 3*b, 5*p - 6945 = 5*b. Calculate the remainder when p is divided by 116.
113
Let l(i) = 20*i**2 + i - 1. Suppose 18 = -2*j, 4*u + 181*j - 177*j - 88 = 0. Calculate the remainder when l(-2) is divided by u.
15
Suppose c - 672 = 8*c. Calculate the remainder when ((-504)/c)/(6/176) is divided by 26.
24
Let r(i) = i**3 - 54*i**2 - 130*i + 1057. What is the remainder when 2447 is divided by r(56)?
46
Let x(i) = 3*i**3 - 11*i**2 + 51*i - 9. Calculate the remainder when x(4) is divided by 36.
31
Let x be (-5 + 8 - 8) + (4 - -77). Suppose -65 = -u + 1. Suppose x*a + u = 77*a. What is the remainder when a is divided by 23?
20
Let u(k) = 2*k**2 - 30*k + 2. Let b be u(15). Suppose -b*v + 3*d + 59 = 0, 4*v + 0*v = d + 143. What is the remainder when 182 is divided by v?
34
Suppose 13 = 5*y - 0*y + w, 5 = y - w. Suppose 3*i + y*x = 27, 2*i + i + x = 29. What is the remainder when 24 is divided by i?
4
Suppose 0 = 5*h - 3*h + 2*k - 784, 2*h = -4*k + 788. What is the remainder when 4 - (-10)/(-3)*h/(-20) is divided by 5?
4
Let y(x) = 395*x + 25. Let l be y(2). What is the remainder when 128 is divided by 1/(-5)*-2 + l/25?
29
Let y = -28424 - -28462. What is the remainder when 3453 is divided by y?
33
Suppose 4*c = 4, -2*c + 31 = 3*q + 11. Suppose 20*o - q*o - 266 = 0. What is the remainder when 71 is divided by o?
14
Let a be 8 + 2 - (4 - -1). Suppose 5*f = 4*r + 330, -80 = -f + 3*r - a*r. Calculate the remainder when f is divided by 8.
6
Suppose 24*o - 371*o + 305148 + 385035 = 0. What is the remainder when o is divided by 52?
13
Let q(z) = 18 + 6 - 1 + 18*z + 9. Let p be q(6). Let n = p + -79. Calculate the remainder when n is divided by 16.
13
Suppose 0*d + 37*d - 703 = 0. Let r = -201 + 408. What is the remainder when r is divided by d?
17
Suppose -20*y + 162 = -18*y. What is the remainder when 405 is divided by (-9)/(y/174)*-3?
57
Suppose -119*n = -109*n - 120. Let o(x) = x**2 - 13*x + 68. Let u(v) = 6*v**2 - 2*v. Calculate the remainder when o(n) is divided by u(2).
16
Suppose -k = -3, 8*i + 5*k = 3*i - 215. Let n = 53 + i. What is the remainder when 15 is divided by n?
1
Suppose 2*s - 5*u + 15 = 0, s + 15 = 3*s + u. Suppose -s*c = z - 110, -2*c + 158 = 3*z - 120. Calculate the remainder when z is divided by 39.
12
Suppose 12 = -4*j, 2*j - 6*j = 2*y - 176. Let g(w) = -w**3 + 8*w**2 + 24. Calculate the remainder when y is divided by g(8).
22
Let h(y) = -11*y + 17. Let m be h(-5). Calculate the remainder when 2/(m/210 - 1/7) is divided by 6.
4
Suppose -3*n = -l - 4*l - 41, -3*n - 29 = 2*l. Suppose 5*a + 22 = u, 4 = -4*a - 4. What is the remainder when 11/55 - 588/l is divided by u?
11
Suppose 2*s - b + 827 = 1262, 5*b = 5. Suppose 10 - 76 = -3*r. Calculate the remainder when s is divided by r.
20
Suppose -10*z = 3*z - 52. Calculate the remainder when ((-246)/z)/(31/(-62)) is divided by 8.
3
Let c(h) = -h**2 - 6*h + 4. Suppose -2*x + 1 = 13. What is the remainder when (-6)/(3 + (-6 - -2)) is divided by c(x)?
2
Suppose 176 = 4*g - 4*q, 167 = 2*g + 2*g + 5*q. Suppose 4*h - 29 = 19. Calculate the remainder when 759/6 - 6/h is divided by g.
40
Calculate the remainder when 80/520 + (-2908)/(-26) + 2 is divided by 62.
52
Suppose 1144 = -284*c + 388*c. Suppose -4*s = -s - 72. Calculate the remainder when s is divided by c.
2
Calculate the remainder when (-21)/((-294)/(-7)) - (-554)/4 is divided by (-349)/(-5) - (-2)/10.
68
Let m(d) = 84*d**2 - 19*d - 577. What is the remainder when m(-22) is divided by 27?
24
Let x be (-48)/(-8) + (-1)/(1/(-2)). Suppose -64 = -x*t + 176. Suppose -t - 8 = -q. Calculate the remainder when q is divided by 20.
18
Let y = -255 + 388. Let q(n) = -n**2 + 9*n - 15. Let c be q(4). Suppose j + 134 = c*a, -67 = -3*a + 5*j + 9. Calculate the remainder when y is divided by a.
25
Let u be -4 + 8 + -5 - -6. Calculate the remainder when ((-40)/16)/u + 150/4 is divided by 8.
5
Suppose 12*j - 13*j + 5 = 0. Let f(k) = -6*k + 15. Let x be f(j). Let q = x + 70. Calculate the remainder when q is divided by 